01
-19425 (base 10) to base 8
-45741
Convert 1122120 (base 3) to base 5.
14303
What is -700 (base 8) in base 15?
-1ed
Convert 71b8 (base 14) to base 4.
10301232
What is 1222100 (base 3) in base 15?
660
576 (base 11) to base 15
30d
What is 1020 (base 11) in base 8?
2511
823a (base 11) to base 3
112222221
555 (base 10) to base 16
22b
What is -9d5 (base 15) in base 6?
-14145
Convert -111221 (base 3) to base 8.
-570
77d (base 14) to base 12
a37
Convert 21a1 (base 11) to base 15.
cce
Convert -64e (base 16) to base 11.
-1238
Convert -824 (base 12) to base 13.
-6ca
-50130 (base 6) to base 12
-3946
What is 13731 (base 8) in base 3?
22101010
-2bc (base 15) to base 5
-10002
What is 3230 (base 5) in base 4?
12320
Convert 11120323 (base 4) to base 3.
1010021121
Convert 976 (base 12) to base 6.
10230
Convert -23421 (base 5) to base 12.
-1008
Convert -1001100110110101 (base 2) to base 7.
-222502
-85d6 (base 14) to base 8
-55120
Convert 1322 (base 4) to base 5.
442
What is 92 (base 16) in base 5?
1041
Convert 5ce (base 15) to base 5.
20234
What is -1691 (base 10) in base 8?
-3233
110010200 (base 3) to base 7
34536
What is -682 (base 10) in base 3?
-221021
-212002 (base 3) to base 7
-1550
Convert 35a71 (base 11) to base 8.
145232
Convert -332420 (base 5) to base 4.
-2311122
What is 1100112 (base 4) in base 2?
1010000010110
What is -20121330 (base 4) in base 15?
-a303
-2020321 (base 5) to base 9
-48626
Convert -26972 (base 11) to base 8.
-113044
What is -1010001011000001 (base 2) in base 5?
-2313130
Convert -545 (base 10) to base 9.
-665
7863 (base 10) to base 3
101210020
What is -754 (base 12) in base 10?
-1072
Convert -14000 (base 10) to base 15.
-4235
-10121222 (base 3) to base 16
-a55
-311033 (base 4) to base 11
-2618
-72 (base 16) to base 8
-162
What is -133012 (base 4) in base 12?
-119a
What is -301 (base 12) in base 7?
-1156
-616 (base 13) to base 6
-4441
What is 2313 (base 7) in base 10?
843
What is 35 (base 9) in base 3?
1012
What is -1920 (base 10) in base 8?
-3600
What is -12010211 (base 3) in base 11?
-28a8
-133440 (base 6) to base 12
-7280
What is -3111 (base 8) in base 10?
-1609
-15cc6 (base 13) to base 10
-41736
What is -4c0 (base 16) in base 7?
-3355
Convert 2343 (base 5) to base 14.
1ac
-2a24 (base 15) to base 3
-110101121
Convert -23b (base 12) to base 7.
-656
3580 (base 9) to base 13
129c
What is 398b (base 13) in base 2?
10000000100011
Convert 24611 (base 7) to base 14.
2508
211000 (base 3) to base 10
594
What is -54b (base 12) in base 16?
-30b
20011022 (base 3) to base 8
10612
6ee (base 15) to base 2
11000100110
-1136 (base 12) to base 10
-1914
What is 11e7 (base 16) in base 5?
121313
Convert 100110100 (base 2) to base 15.
158
-10062 (base 9) to base 4
-1213121
What is -4a8 (base 15) in base 14?
-558
Convert 303 (base 10) to base 13.
1a4
Convert -110012 (base 3) to base 5.
-2304
What is 1210a (base 13) in base 14?
c10a
What is -311221 (base 4) in base 2?
-110101101001
What is -16317 (base 13) in base 15?
-c7d0
What is -1700 (base 9) in base 7?
-3531
100 (base 16) to base 15
121
What is -448 (base 10) in base 13?
-286
What is -945 (base 10) in base 11?
-78a
What is 10451 (base 12) in base 5?
1140443
1480 (base 16) to base 5
131443
Convert 769 (base 14) to base 7.
4162
Convert -201 (base 9) to base 14.
-b9
Convert 36333 (base 8) to base 14.
596b
Convert 213 (base 8) to base 7.
256
876 (base 11) to base 13
62b
Convert -2334312 (base 5) to base 8.
-124112
95a (base 11) to base 5
14104
What is 515 (base 9) in base 10?
419
Convert 3bd (base 16) to base 4.
32331
1001333 (base 4) to base 3
12210102
-754 (base 10) to base 12
-52a
Convert -4d (base 15) to base 4.
-1021
28b2 (base 12) to base 9
6448
Convert -111100111110 (base 2) to base 15.
-1252
What is ea3 (base 16) in base 5?
104442
What is c58 (base 16) in base 9?
4301
What is 2242 (base 13) in base 4?
1022302
What is -11021212 (base 3) in base 16?
-c38
Convert c13 (base 14) to base 15.
a7e
Convert -10211 (base 5) to base 14.
-369
767 (base 11) to base 3
1021002
What is 1737 (base 12) in base 5?
42104
-103013 (base 4) to base 9
-1608
-1014 (base 8) to base 16
-20c
What is 2054 (base 10) in base 12?
1232
What is 75c (base 14) in base 9?
1885
37544 (base 9) to base 16
628f
What is -665 (base 8) in base 10?
-437
-120100202 (base 3) to base 11
-8460
Convert 1050 (base 15) to base 3.
11201210
-1011303 (base 4) to base 12
-2703
Convert 125 (base 14) to base 15.
104
c5b (base 14) to base 11
1912
Convert 18462 (base 13) to base 2.
1011011100101101
196 (base 10) to base 7
400
Convert -11fb2 (base 16) to base 12.
-36756
-22002302 (base 4) to base 13
-15956
2862 (base 9) to base 13
ca4
1503 (base 8) to base 5
11320
What is -515 (base 7) in base 12?
-195
What is 232333 (base 5) in base 13?
3b15
Convert -50162 (base 7) to base 15.
-38b8
What is -d9c (base 14) in base 6?
-20234
Convert 22230130 (base 4) to base 11.
2aa02
122 (base 5) to base 13
2b
Convert 12140 (base 8) to base 5.
131331
Convert -11838 (base 13) to base 3.
-1122010000
What is 10101001111111 (base 2) in base 11?
81a0
What is -61222 (base 7) in base 2?
-11101000001111
What is 32030 (base 9) in base 11?
149a4
362 (base 14) to base 9
828
What is -1010010 (base 2) in base 4?
-1102
What is -a81 (base 16) in base 11?
-2025
102002220 (base 3) to base 14
2d45
-404 (base 9) to base 11
-279
Convert -389 (base 12) to base 15.
-25c
Convert -11131 (base 4) to base 7.
-1006
What is -2314 (base 10) in base 16?
-90a
What is -a69 (base 11) in base 14?
-67b
-1001101101011 (base 2) to base 14
-1b51
Convert -241 (base 10) to base 9.
-287
What is -3011 (base 7) in base 3?
-1102102
Convert 5744 (base 10) to base 12.
33a8
What is 541 (base 6) in base 8?
315
-190 (base 11) to base 10
-220
What is 11157 (base 10) in base 16?
2b95
1937 (base 12) to base 16
bfb
Convert 555 (base 13) to base 12.
643
b878 (base 15) to base 11
2736a
-3cd (base 16) to base 2
-1111001101
What is 1537 (base 10) in base 3?
2002221
-14368 (base 10) to base 9
-21634
What is -acf (base 16) in base 5?
-42032
111000110111011 (base 2) to base 9
43840
What is -1000110001 (base 2) in base 13?
-342
Convert 210120 (base 3) to base 8.
1106
What is -670 (base 10) in base 6?
-3034
Convert -18 (base 10) to base 5.
-33
What is 8334 (base 15) in base 10?
27724
What is -320 (base 4) in base 13?
-44
Convert -121101201 (base 3) to base 2.
-10111010110001
Convert 1212222210 (base 3) to base 8.
110465
53 (base 12) to base 16
3f
101000110101 (base 2) to base 3
10120210
What is 131112 (base 4) in base 5?
30003
What is 201 (base 9) in base 7?
322
What is -2c97 (base 15) in base 6?
-112224
What is 5683 (base 9) in base 8?
10156
What is -3421 (base 6) in base 8?
-1445
Convert -4454 (base 9) to base 11.
-2520
Convert a90 (base 11) to base 8.
2435
What is -23907 (base 10) in base 5?
-1231112
What is 6472 (base 8) in base 12?
1b62
Convert -44021 (base 6) to base 10.
-6061
100111111110110 (base 2) to base 9
31064
Convert 1241 (base 10) to base 14.
649
-6141 (base 11) to base 16
-1fd8
What is -101001 (base 3) in base 4?
-10033
What is -22145 (base 7) in base 9?
-7568
-2323311 (base 5) to base 7
-234262
11532 (base 7) to base 5
44022
12824 (base 9) to base 12
5041
Convert 2064 (base 12) to base 14.
1404
1323 (base 8) to base 13
438
Convert c82 (base 13) to base 3.
2221001
54505 (base 7) to base 16
353b
Convert -103221 (base 4) to base 13.
-759
Convert 3002123 (base 5) to base 13.
1860c
-1212110 (base 3) to base 13
-80a
-72123 (base 8) to base 9
-44757
6518 (base 9) to base 3
20120122
Convert 100110101001 (base 2) to base 14.
c89
Convert -8023 (base 16) to base 2.
-1000000000100011
-1718 (base 16) to base 11
-4495
What is -1236a (base 14) in base 12?
-21976
What is 211200201 (base 3) in base 4?
10002133
-b1b (base 12) to base 13
-968
154155 (base 6) to base 2
11101101010111
-30140 (base 7) to base 14
-2920
Convert -395 (base 15) to base 12.
-57b
What is -1111111101 (base 2) in base 5?
-13041
Convert 1011001100100 (base 2) to base 12.
3398
What is -31343 (base 7) in base 14?
-2b5a
-5143 (base 7) to base 8
-3403
What is -15403 (base 8) in base 11?
-5217
Convert -12023 (base 4) to base 2.
-110001011
What is 110100111 (base 2) in base 8?
647
603 (base 8) to base 14
1d9
11110010011 (base 2) to base 6
12551
5426 (base 14) to b